at is 130113422 (base 5) in base 13?
19053b
105660 (base 7) to base 2
100100110101010
1cd167 (base 14) to base 15
156900
What is -44544200 (base 6) in base 16?
-149ec8
b4a11 (base 13) to base 9
544316
-31212333 (base 4) to base 8
-154677
1200100 (base 6) to base 3
10011101100
32243321 (base 5) to base 8
1030624
Convert 3692a6 (base 14) to base 12.
76186a
What is -1231026 (base 8) in base 13?
-bbca6
-5278124 (base 10) to base 14
-9b572c
-11555 (base 7) to base 4
-233111
Convert -1686a (base 11) to base 2.
-101110001110111
-131313033 (base 4) to base 10
-122319
-110110111100110110110010 (base 2) to base 11
-81497a3
Convert 5681875 (base 9) to base 5.
1241043212
330103221 (base 4) to base 12
bab49
Convert -610800 (base 13) to base 6.
-120220103
Convert 1001111011110110000 (base 2) to base 8.
1173660
What is -14020540 (base 8) in base 2?
-1100000010000101100000
Convert 3331133211 (base 4) to base 10.
1038309
Convert 307035 (base 10) to base 7.
2416101
-44133223 (base 5) to base 10
-380438
Convert -1110011011010 (base 2) to base 6.
-54110
101010100011100010010110 (base 2) to base 4
222203202112
717c4 (base 14) to base 13
97475
What is 4821830 (base 9) in base 8?
11756712
What is 2434376 (base 9) in base 15?
1b1a79
Convert 348095 (base 11) to base 2.
10000110111000010101
What is -11220002001 (base 3) in base 16?
-1781b
-257236 (base 9) to base 14
-40cd3
75c545 (base 13) to base 14
521226
Convert 1022799 (base 11) to base 3.
10101200020212
What is -2560526 (base 8) in base 5?
-140304141
What is -2311121011 (base 5) in base 10?
-5176381
Convert -6343666 (base 9) to base 3.
-20101110202020
-9483 (base 14) to base 15
-78b5
What is 206472 (base 13) in base 6?
24114253
Convert -505340 (base 7) to base 11.
-59614
What is 22311313 (base 7) in base 15?
283821
Convert -5164223 (base 7) to base 11.
-394586
What is -101111100000000111100 (base 2) in base 9?
-2832148
-63056 (base 9) to base 13
-15c24
-1342434121 (base 5) to base 14
-6697ad
-34da10 (base 14) to base 12
-730526
Convert 1351c5 (base 14) to base 8.
2427031
Convert 3707767 (base 8) to base 13.
2992b6
-244616 (base 7) to base 6
-543505
What is 1111101001001101 (base 2) in base 4?
33221031
What is 2270090 (base 10) in base 12?
915862
What is -38669 (base 13) in base 16?
-197a8
420602 (base 12) to base 6
34124002
-11000101100010010110101 (base 2) to base 8
-30542265
Convert 112113400 (base 6) to base 10.
2062728
7d24b (base 15) to base 16
615b3
Convert 21400310 (base 5) to base 11.
116647
What is 101112011222222 (base 3) in base 11?
3180626
What is -834775 (base 11) in base 2?
-101000110110011011000
3b676 (base 14) to base 6
3051120
-1011100110011111101 (base 2) to base 9
-638426
Convert -2859201 (base 10) to base 9.
-5337070
What is -2119914 (base 11) in base 15?
-4dab32
What is 174706 (base 8) in base 15?
13e2c
What is -4217d1 (base 15) in base 2?
-1011111111100011011000
What is a5e8 (base 16) in base 15?
c8b7
2201210211110 (base 3) to base 14
29b618
Convert 3261204 (base 7) to base 12.
174370
What is 1187b9 (base 13) in base 10?
418765
734333 (base 9) to base 7
3464523
What is 6661404 (base 8) in base 15?
256bea
-96516 (base 10) to base 6
-2022500
What is 110111203 (base 5) in base 13?
1371bb
What is -1000001001010101000011 (base 2) in base 3?
-11000111011112
What is -35873 (base 12) in base 10?
-72087
-8e30b6 (base 16) to base 10
-9318582
Convert 1011101100011110100011 (base 2) to base 6.
145413203
26b6 (base 14) to base 15
204e
What is 31201133 (base 5) in base 9?
430658
What is -18389 (base 13) in base 14?
-1307b
Convert -101032030 (base 5) to base 7.
-3320433
Convert -232740 (base 10) to base 9.
-384230
211200310 (base 4) to base 7
1206652
128716 (base 10) to base 8
373314
1241844 (base 13) to base 4
111230133030
Convert b4390 (base 15) to base 7.
4566156
Convert 6556d (base 16) to base 14.
ab3ad
What is 161679 (base 14) in base 13?
210714
Convert 385587 (base 9) to base 7.
1662346
-1340143 (base 9) to base 6
-23430320
What is a82b4 (base 15) in base 11?
335116
Convert -16485122 (base 9) to base 15.
-ad3915
Convert -1011001100001001011 (base 2) to base 12.
-158237
-98281 (base 11) to base 7
-1133114
-2323440 (base 6) to base 8
-352360
What is -b15d4 (base 16) in base 5?
-141221414
What is -23003304 (base 5) in base 6?
-4210255
What is -14741 (base 12) in base 4?
-13000201
Convert -1110002102012 (base 3) to base 5.
-144110042
What is -bba5 (base 12) in base 15?
-6212
1001010100110111001 (base 2) to base 11
199662
Convert -7196759 (base 10) to base 8.
-33350127
What is -23443256 (base 8) in base 12?
-187483a
Convert -5d51b (base 15) to base 10.
-298151
48099 (base 14) to base 7
1331252
Convert -2432901 (base 10) to base 13.
-6724b3
Convert -583c55 (base 14) to base 13.
-81396c
Convert -11626 (base 16) to base 15.
-16171
What is 7a27c (base 16) in base 6?
14420232
What is 70832 (base 15) in base 6?
11345102
Convert 62705253 (base 8) to base 2.
110010111000101010101011
11352313 (base 7) to base 12
405351
Convert 132743 (base 9) to base 5.
10041141
What is 22143102 (base 5) in base 13?
6a119
Convert -1100001001100000 (base 2) to base 12.
-24968
6c581 (base 15) to base 4
1110112120
Convert -53d12 (base 14) to base 6.
-4203124
What is -217574 (base 8) in base 11?
-50326
Convert 12222303 (base 4) to base 10.
27315
-11 (base 7) to base 9
-8
Convert -2010211020 (base 3) to base 13.
-16257
What is 20022423 (base 7) in base 4?
12103200303
9a6515 (base 14) to base 8
23776267
Convert -535a27 (base 11) to base 5.
-204411242
What is aa2256 (base 14) in base 15?
78e221
-1bd6c (base 14) to base 13
-26574
3627524 (base 8) to base 16
f2f54
What is 133333301 (base 4) in base 3?
20122202222
-790296 (base 10) to base 11
-49a841
Convert -213223331 (base 4) to base 12.
-7a0a5
Convert c4e1e (base 15) to base 16.
98633
Convert 2b06b (base 15) to base 3.
21000221202
-1158604 (base 9) to base 3
-1011222200011
What is -72805 (base 10) in base 13?
-271a5
Convert -1362746 (base 13) to base 12.
-20703b5
250670 (base 8) to base 14
23716
Convert -c8a95 (base 13) to base 4.
-1120122020
-525376 (base 11) to base 8
-3153646
Convert -41552 (base 7) to base 12.
-5b05
What is 286135 (base 10) in base 9?
475447
What is b0610 (base 13) in base 7?
2451642
What is -10301300203 (base 4) in base 5?
-310034022
Convert -501254104 (base 6) to base 12.
-2a04334
-1751 (base 9) to base 10
-1342
What is -9682e (base 15) in base 12?
-1b055b
-244220143 (base 5) to base 10
-1163798
Convert -51850 (base 10) to base 7.
-304111
What is -130310120 (base 6) in base 10?
-2544096
113032013 (base 4) to base 2
10111001110000111
Convert -223025 (base 7) to base 4.
-21220220
What is -2102122011101 (base 3) in base 8?
-4733202
What is -3175a9 (base 12) in base 13?
-214158
-18326 (base 9) to base 13
-59bb
What is -10100100001110011010011 (base 2) in base 4?
-110201303103
What is -1850200 (base 9) in base 12?
-420000
Convert 202304234 (base 6) to base 3.
20112122022111
What is -311131033101 (base 4) in base 16?
-d5d3d1
-72226a (base 12) to base 14
-3473d8
Convert 56b009 (base 12) to base 10.
1387593
What is -77586 (base 10) in base 14?
-203bc
1141012011 (base 5) to base 2
1010001100100001110100
Convert 6b579 (base 12) to base 3.
21022212010
Convert -1011011011111100 (base 2) to base 5.
-2444334
Convert -1110100120011 (base 3) to base 9.
-1410504
1222011002 (base 3) to base 6
455215
What is -82932 (base 12) in base 9?
-280112
178105a (base 14) to base 16
b111e8
Convert -7977158 (base 10) to base 6.
-442551142
What is -3475543 (base 8) in base 15?
-13b32b
What is 132020414 (base 5) in base 9?
1212056
Convert 2a85132 (base 12) to base 9.
17220882
What is -1113412215 (base 6) in base 13?
-26b683b
Convert 2023203 (base 7) to base 13.
85a52
What is 2102524 (base 6) in base 14?
290d6
What is -7e7703 (base 15) in base 11?
-3462157
Convert 14136 (base 11) to base 14.
7497
What is 24343404 (base 5) in base 12?
b18a8
-6a73a7 (base 13) to base 2
-1001101001100001101111
Convert 4116013 (base 7) to base 9.
828644
Convert 120223a (base 11) to base 2.
111111111110111100010
Convert -23728 (base 13) to base 12.
-316aa
Convert -1aa013 (base 12) to base 7.
-4011300
What is -2313323203 (base 4) in base 2?
-10110111111011100011
-aae66 (base 15) to base 11
-341170
Convert 1731285 (ba